(-34))?
7
Let w = 0 + -9. Let t = w - -23. What is the tens digit of t?
1
Suppose 0 = 15*k - 13*k + 8. Suppose 3*f - 1 = -5*d - 0*f, -11 = -4*d + f. What is the units digit of (k/2)/d*-6?
6
Let s be (6 - 0)/((-6)/(-28)). Let p = s - 6. What is the units digit of p?
2
Suppose 4*k = 8*i - 3*i - 10, -k = 0. Suppose 2*g = -4*d + 5 + 7, g = -i. Suppose 0 = 2*t - d*t + 6. What is the units digit of t?
3
What is the tens digit of 35/(-14)*868/(-5)?
3
Suppose -2*z + 0*z - 13 = 3*x, z - 10 = 4*x. Let n be (-1 - 2)/3*x. Suppose -5*c + 14 = -n*c. What is the units digit of c?
7
What is the units digit of (-2200)/(-56) - 2/7?
9
Let h = 884 - 605. What is the tens digit of h?
7
Suppose x + 4*y - 24 = 0, -2*y - 57 = -3*x + 43. Suppose -z + x = z. What is the tens digit of z?
1
Let b = -153 - -86. Let h = b + 42. What is the units digit of (-10)/h - (-33)/5?
7
Let o = 6 + 0. Suppose -60 = -o*s + 2*s. What is the units digit of 10*1/(s/6)?
4
Let l(o) = -3*o + 19. Let v(s) = 8*s - 56. Let p(x) = 14*l(x) + 5*v(x). Let m(q) = q + 9. Let w(u) = -8*m(u) - 5*p(u). What is the units digit of w(3)?
4
Suppose 0 = 2*l + s + 3, 2*l = -5*s + s. Suppose -5*w - 31 + 6 = 0. Let r = l - w. What is the units digit of r?
3
Suppose 2*w - 4 = -0*w. Let d be (1/(-3))/(w/(-12)). Suppose 5*q = 2*q + 2*o + 25, q + 5 = -d*o. What is the units digit of q?
5
Let m(i) be the third derivative of i**5/30 - i**4/24 + i**3/6 + 2*i**2. Let p be m(1). Suppose 0 = 4*k - p*k - 18. What is the units digit of k?
9
Suppose 3*p - 48 = 93. What is the units digit of p?
7
Let d be (496/(-24))/((-1)/3). Suppose 203 = 5*q - d. What is the tens digit of q?
5
What is the tens digit of 960/21 - -2 - 4/(-14)?
4
Suppose 5*x = 5*w - 3*w + 1, -4*w - 44 = 4*x. Let r be (-3)/2*-6*(-8)/6. Let a = w - r. What is the units digit of a?
4
Suppose 5*s - 1595 = 19*j - 14*j, -4*s - j = -1281. What is the tens digit of s?
2
Let n = -74 - -119. Let k(o) = -o**2 - 6*o + 7. Let b be k(-7). Suppose -3*m + n = 3*l, b = -0*l + 4*l + 3*m - 56. What is the units digit of l?
1
Let i(n) = -n**3 + 4*n**2 + 4*n - 4. Let u be i(4). Let y(q) = -q + 17. Let j be y(11). Suppose j*p = 2*p + u. What is the units digit of p?
3
Let r(g) = g**2 - 4*g - 4. Let y be r(4). Let i be (2 - 4) + 4 - y. Suppose 4*x = i + 18. What is the units digit of x?
6
Let c(o) = 3*o - 3. Suppose x - 2*j - 11 = 0, -2 = 2*x + 5*j + 3. What is the tens digit of c(x)?
1
Let j = -42 + 144. What is the tens digit of j?
0
Let q be (-2)/9 - (-80)/36. Suppose 0 = -3*n - q*n - 80. Let w = n + 23. What is the units digit of w?
7
Let m = 76 + -45. What is the units digit of m?
1
Let b = -53 + 98. What is the units digit of 164/10 + (-18)/b?
6
Let p be (8 - 1)*-1 + 1. Let d = p - -3. Let c = d - -5. What is the units digit of c?
2
Suppose 2*a = -10, a = -4*d - 2*a + 1. Suppose 2*y + 2*i = 5*i + 58, y + d*i - 7 = 0. What is the units digit of y?
3
What is the units digit of 6*-2*(-5)/20*61?
3
What is the tens digit of 2/(-1)*618/(-4)?
0
Let h(d) = 3*d - 6. What is the tens digit of h(7)?
1
Let z = -2 - 0. What is the units digit of z/(-4) + (-6)/(-4)?
2
Let b(p) = -7*p + 1. Let g be b(-1). Suppose z - y - y = 8, 0 = 2*z - 3*y - 14. What is the units digit of (0 + 14/g)*z?
7
Let o(v) = v**3 + v**2. Let r be 1/2 + (-18)/4. Let l = r + 5. What is the units digit of o(l)?
2
Suppose 3*g - 15 = 0, k + 4*k = 5*g + 115. What is the tens digit of k?
2
Let c(o) = 2 - 2*o - 5*o + o**2 - 8. What is the units digit of c(8)?
2
Suppose 5 = -5*h, -2*l + 42 + 138 = -2*h. What is the units digit of l?
9
What is the tens digit of (-8)/((-2)/8*2)?
1
Suppose 0 = 4*t - 161 - 107. What is the units digit of t?
7
Let o(h) = h**2 + 3*h + 7. What is the units digit of o(4)?
5
What is the tens digit of (-4)/14 + (-2470)/(-70)?
3
Suppose 2*t = -t. Let d = t + 6. Let k = -3 + d. What is the units digit of k?
3
Let m(n) be the second derivative of 5*n**4/3 - n**3/6 - 4*n. What is the units digit of m(-1)?
1
Suppose 6*q + 213 = 27. Let w = -14 - q. What is the tens digit of w?
1
Let o be -2*4*4/(-2). Let a = o + -4. What is the units digit of a?
2
Suppose 28 = -3*t + 1408. What is the units digit of t/15 + 1/3?
1
Let z = 9 - 0. What is the tens digit of ((-3)/z)/(2/(-150))?
2
Let b(n) = 6*n**2 - 2*n + 1. Let d be b(1). Suppose d*h + 39 = q, 0*q - 46 = -4*q - 2*h. What is the tens digit of q?
1
Suppose 4*d - 6 - 14 = 4*u, -16 = -5*d + 2*u. What is the tens digit of ((-27)/(-6) + 3)*d?
1
Let u = -43 - -73. What is the units digit of u?
0
Let t = 4 - 3. Let f(i) = -3*i + 7. Let x(n) = -3*n + 8. Let w(g) = -7*f(g) + 6*x(g). What is the units digit of w(t)?
2
Let k = 402 - 192. Suppose 2*t = -t + k. Suppose 8*m - t = 3*m. What is the tens digit of m?
1
Let j(q) = -4*q**2 + 8*q + 6. Let z(c) = -5*c**2 + 9*c + 7. Let n(y) = -6*j(y) + 5*z(y). Let i be n(-1). Let m = 0 + i. What is the units digit of m?
1
Let k(i) = i**2 - 3*i + 2. Let x be k(4). Suppose -2*l = l - x. What is the units digit of l?
2
Suppose -5*k - 4*r = -21, 0*r = 5*k - r - 1. Let c(p) be the third derivative of p**4/8 - p**3/6 + 3*p**2. What is the units digit of c(k)?
2
Let j(g) = g**3 + 3*g**2 - 4*g. What is the units digit of j(-3)?
2
Let q(m) = 4*m**2 + 3*m**2 + 0 + 4 + m**3. Let v be q(-7). What is the units digit of v/8 - (-19)/2?
0
Let c(a) be the second derivative of a**4/12 - 2*a**3/3 - 3*a**2/2 + 2*a. What is the units digit of c(-3)?
8
Let t(h) = 3*h + 1. Let d = -2 - -3. Let k be t(d). What is the units digit of k/6 - (-57)/9?
7
Suppose 5*b = 801 - 216. What is the hundreds digit of b?
1
Let u(r) = -r**2 - 4*r - 3*r**2 + 5*r**2 - 1 - 3. Let b be u(5). What is the units digit of (-1)/3*(-18)/b?
6
Suppose 0 = 4*r + r - 435. What is the units digit of r?
7
Let q = 9 + -12. Let v(l) = -l**2 - 4*l - 1. What is the units digit of v(q)?
2
Let s = -15 - -21. What is the units digit of s?
6
Suppose 3*z = 18 + 156. What is the units digit of z?
8
Let b(k) = -k + 11. Let u be b(5). Let t = -4 + u. What is the units digit of t?
2
Let b(j) = -2*j**2 - 2*j + 8. Let k be b(-6). What is the units digit of (k/(-6))/((-8)/(-12))?
3
Let m = -104 - -64. Let y = m + 64. What is the units digit of y?
4
Let u(l) = -l**3 - l - 1. What is the units digit of u(-4)?
7
Let j(z) = z**3 + 2*z**2 - 1. Let q be j(1). Suppose -q*d = -d - 13. What is the units digit of d?
3
Let s = 3 + 2. Suppose -31 = -4*g + d, d - 4 = -g + s. What is the units digit of g?
8
Let l = -108 - -116. What is the units digit of l?
8
Let c(u) = u**3 + 5*u**2 - 6*u + 1. Suppose -s = -2*v + 7*v - 19, s - 4*v - 1 = 0. Suppose -p = 3, 3*p + 12 + s = -2*q. What is the units digit of c(q)?
1
Let q(z) = -z + 5 - 23*z**3 + 6*z**2 + 22*z**3 - 3*z. What is the units digit of q(5)?
0
Suppose 5*d - 1 = 4. What is the units digit of (9 - 1) + (d - 3)?
6
Suppose -4*g + g = -4*h + 3, 5*g - 3 = 4*h. Let l(f) = 3*f. What is the units digit of l(g)?
9
Suppose -267 = -7*a + 4*a. What is the tens digit of a?
8
Suppose -3*n - 5 = -u + 18, 3*n = 2*u - 55. Suppose -7*f = -3*f + u. Let l = f - -15. What is the units digit of l?
7
Let k(g) be the second derivative of g**3/6 - 5*g**2 + 2*g. Let o be k(14). Suppose 3*y - 7*y + o = 0. What is the units digit of y?
1
Suppose 0 = 5*d + 5*o + 390, 2*d = 4*d + o + 160. What is the units digit of d/(1 - 3) - 1?
0
Suppose 2 = -4*y - 18. Let o = 1 - 5. Let h = o - y. What is the units digit of h?
1
Let b(y) = -y**3 - 20*y**2 - 4*y - 36. What is the tens digit of b(-20)?
4
Suppose 3*m = -0*m + 36. What is the tens digit of m?
1
Let d(n) = -11*n**3 - 21*n**2 - 13*n + 15. Let x(r) = -7*r**3 - 14*r**2 - 9*r + 10. Let q(s) = -5*d(s) + 8*x(s). What is the tens digit of q(-6)?
1
Let u be 4/(-2) - 1 - -8. Suppose 4*t - 3 - 17 = -u*c, 2*c + 9 = -5*t. What is the units digit of c?
8
Let x = 1 - 1. Suppose x = 4*w - w - 240. What is the units digit of w/14 - (-2)/7?
6
Let i(j) be the first derivative of j**2 - 4*j - 3. Let h be i(3). Suppose q + t - 6 = 0, -3*q - t = -h*t - 10. What is the units digit of q?
4
Let h be 10/(-45) - 16/9. Let g be 3 + -1 + h + 33. Suppose 4*z - 2*w - g = 3*w, 4*w + 28 = 4*z. What is the units digit of z?
2
Suppose 0 - 2 = -t. Suppose -t*h = -7 - 85. What is the units digit of h?
6
Suppose 0 = 2*n + n + 3. What is the units digit of -3 + 12 + -1 + n?
